{"id":2,"date":"2022-09-01T19:45:24","date_gmt":"2022-09-01T22:45:24","guid":{"rendered":"https:\/\/2022.fonaf.org.ar\/?page_id=2"},"modified":"2022-09-03T12:17:07","modified_gmt":"2022-09-03T15:17:07","slug":"pagina-ejemplo","status":"publish","type":"page","link":"https:\/\/fonaf.org.ar\/?page_id=2","title":{"rendered":"\u00bfQuienes somos?"},"content":{"rendered":"\n<p>La FONAF es la Federaci\u00f3n de Organizaciones Nucleadas de la Agricultura Familiar, organizaci\u00f3n de 2\u00b0 grado con representaci\u00f3n nacional de miles de familias de productores en todo el pa\u00eds a partir de un espacio formal de trabajo, compartiendo objetivos, necesidades y experiencias comunes. Una organizaci\u00f3n de productores para productores, dirigidas por productores, impulsores de la Ley N\u00ba 27.118 \u2013 \u201cde reparaci\u00f3n hist\u00f3rica de la agricultura familiar para la construcci\u00f3n de una nueva ruralidad en la Argentina\u201d, que a trav\u00e9s de la gesti\u00f3n de los referentes de la FONAF y en consenso con las dem\u00e1s organizaciones en el territorio, buscan desarrollar las econom\u00edas regionales.<\/p>\n\n\n\n<p>La FONAF tiene una representatividad que se desarrolla a trav\u00e9s de espacios de discusi\u00f3n en foros regionales, empleando la tradicional regionalizaci\u00f3n: Centro; Cuyo; NEA; NOA; Patagonia, con representaci\u00f3n en la comisi\u00f3n directiva con 3 miembros de cada una de las 5 regiones.<\/p>\n\n\n\n<p>Con una vasta experiencia en la articulaci\u00f3n con el estado nacional, provincial y municipal, participando en los siguientes \u00e1mbitos institucionales<br><strong><em>&#8211; Consejo de la Agricultura Familiar, Campesina e Ind\u00edgena<br>&#8211; Comisi\u00f3n Nacional de Emergencia y Desastres Agropecuarios<br>&#8211; Comisi\u00f3n del salario agrario<\/em><\/strong><\/p>\n\n\n\n<p>Articulando a partir de convenios de cooperaci\u00f3n con universidades e instituciones de apoyo al sector productivo, con un consejo asesor de t\u00e9cnicos profesionales y participantes de corrientes nacionales que involucran a la producci\u00f3n y el trabajo.<\/p>\n\n\n\n<p>A lo largo del tiempo fuimos nombrados como: Peque\u00f1os productores, colonos, minifundistas, campesinos, chacareros, medieros, puesteros, contratistas, arrenderos, comunidades de pueblos originarios, productores sin tierra\u2026 Pero somos quienes, con el trabajo directo de nuestras familias, nos dedicamos a actividades agr\u00edcolas, ganaderas, pesqueras, forestales, de producci\u00f3n agroindustrial y artesanal, a las tradicionales de recolecci\u00f3n, miner\u00eda artesanal y turismo rural<\/p>\n\n\n\n<p>Somos las organizaciones del sector rural con representatividad federal, quienes venimos compartiendo un espacio de trabajo y discusi\u00f3n en torno al desarrollo rural, la agricultura familiar y de los pueblos originarios que desde diciembre de 2004, avanzamos en la construcci\u00f3n de una propuesta participativa de desarrollo rural, una NUEVA RURALIDAD en Argentina.<\/p>\n\n\n\n<p><strong>Creando una alternativa de desarrollo posible en todo el pa\u00eds<\/strong><\/p>\n\n\n\n<p>La FONAF se considera como puente imprescindible en la ARTICULACION entre los \u00e1mbitos p\u00fablicos y privados, como as\u00ed tambi\u00e9n con aquellas instituciones especializadas que atienden a la producci\u00f3n agropecuaria de baja y mediana escala. Es fundamental garantizar la equidad y accesibilidad de las pol\u00edticas p\u00fablicas orientadas a mejorar la producci\u00f3n de alimentos y ese es el rol de la federaci\u00f3n.<br>Tenemos presencia en todo el pa\u00eds, especialmente en aquellos lugares a donde el acceso es muy restringido y existen grandes productores con peque\u00f1as producciones.<\/p>\n","protected":false},"excerpt":{"rendered":"<p>La FONAF es la Federaci\u00f3n de Organizaciones Nucleadas de la Agricultura Familiar, organizaci\u00f3n de 2\u00b0<\/p>\n","protected":false},"author":1,"featured_media":0,"parent":0,"menu_order":0,"comment_status":"closed","ping_status":"open","template":"","meta":{"footnotes":""},"class_list":["post-2","page","type-page","status-publish","hentry"],"_links":{"self":[{"href":"https:\/\/fonaf.org.ar\/index.php?rest_route=\/wp\/v2\/pages\/2","targetHints":{"allow":["GET"]}}],"collection":[{"href":"https:\/\/fonaf.org.ar\/index.php?rest_route=\/wp\/v2\/pages"}],"about":[{"href":"https:\/\/fonaf.org.ar\/index.php?rest_route=\/wp\/v2\/types\/page"}],"author":[{"embeddable":true,"href":"https:\/\/fonaf.org.ar\/index.php?rest_route=\/wp\/v2\/users\/1"}],"replies":[{"embeddable":true,"href":"https:\/\/fonaf.org.ar\/index.php?rest_route=%2Fwp%2Fv2%2Fcomments&post=2"}],"version-history":[{"count":3,"href":"https:\/\/fonaf.org.ar\/index.php?rest_route=\/wp\/v2\/pages\/2\/revisions"}],"predecessor-version":[{"id":62,"href":"https:\/\/fonaf.org.ar\/index.php?rest_route=\/wp\/v2\/pages\/2\/revisions\/62"}],"wp:attachment":[{"href":"https:\/\/fonaf.org.ar\/index.php?rest_route=%2Fwp%2Fv2%2Fmedia&parent=2"}],"curies":[{"name":"wp","href":"https:\/\/api.w.org\/{rel}","templated":true}]}}